170.
2, 3, 5, 190313
What are the prime factors of 35797764?
2, 3, 2983147
What are the prime factors of 14987271?
3, 13, 384289
List the prime factors of 112089018.
2, 3, 19, 73, 13469
What are the prime factors of 9471336993?
3, 43, 271, 30103
What are the prime factors of 484951855?
5, 53, 269, 6803
What are the prime factors of 121655680?
2, 5, 433, 439
What are the prime factors of 89529325?
5, 373, 9601
What are the prime factors of 1419666374?
2, 7, 53, 1913297
What are the prime factors of 100461701?
47, 2137483
List the prime factors of 1405770509.
11, 13, 839, 11717
What are the prime factors of 4797597249?
3, 177688787
What are the prime factors of 2230315026?
2, 3, 31, 11990941
What are the prime factors of 263730341?
7, 433, 87011
What are the prime factors of 4415502?
2, 3, 7, 13, 8087
List the prime factors of 33455149.
7, 13, 563, 653
List the prime factors of 16205236.
2, 4051309
List the prime factors of 25977239.
4919, 5281
What are the prime factors of 689770450?
2, 5, 13795409
What are the prime factors of 1951016153?
79, 24696407
What are the prime factors of 59050983?
3, 19683661
List the prime factors of 4017865718.
2, 71, 28294829
What are the prime factors of 30402269?
229, 132761
List the prime factors of 675461395.
5, 7, 19298897
What are the prime factors of 1527349534?
2, 379, 1009, 1997
What are the prime factors of 7006201555?
5, 26437, 53003
What are the prime factors of 2093797157?
23, 91034659
What are the prime factors of 3788088985?
5, 757617797
List the prime factors of 755564.
2, 188891
List the prime factors of 105245180.
2, 5, 19, 276961
What are the prime factors of 4950655044?
2, 3, 41, 643, 15649
List the prime factors of 250885998.
2, 3, 11, 12799
List the prime factors of 149878320.
2, 3, 5, 727, 859
What are the prime factors of 6818969177?
6818969177
List the prime factors of 1056317366.
2, 13, 23, 37, 47741
What are the prime factors of 1273722?
2, 3, 19, 11173
List the prime factors of 1491314641.
23, 61, 1062947
What are the prime factors of 2360841245?
5, 7, 6871, 9817
What are the prime factors of 2401957179?
3, 73, 1218649
List the prime factors of 38951276.
2, 7, 13, 15287
What are the prime factors of 1577447920?
2, 5, 2137, 9227
List the prime factors of 689479288.
2, 41, 151, 13921
What are the prime factors of 1495148583?
3, 1093, 455977
What are the prime factors of 146927097?
3, 16325233
List the prime factors of 74304242.
2, 37152121
What are the prime factors of 834280708?
2, 208570177
List the prime factors of 18008684.
2, 4502171
What are the prime factors of 449284762?
2, 29, 601, 12889
What are the prime factors of 309382912?
2, 199, 6073
List the prime factors of 28877505.
3, 5, 47, 40961
List the prime factors of 33535937.
33535937
List the prime factors of 97944617.
97944617
List the prime factors of 33718763.
13, 2593751
What are the prime factors of 1390344400?
2, 5, 3475861
List the prime factors of 665559712.
2, 419, 49639
What are the prime factors of 9846238?
2, 4923119
List the prime factors of 205350675.
3, 5, 101, 27109
What are the prime factors of 304032180?
2, 3, 5, 1039, 4877
What are the prime factors of 97457141?
17, 23, 10837
List the prime factors of 652827433.
652827433
List the prime factors of 274648674.
2, 3, 45774779
List the prime factors of 208955687.
17, 37, 332203
List the prime factors of 62650078.
2, 2287, 13697
What are the prime factors of 76599180?
2, 3, 5, 7, 60793
What are the prime factors of 335415787?
7, 2467, 19423
What are the prime factors of 129692285?
5, 23, 49033
List the prime factors of 141594660.
2, 3, 5, 463, 1699
What are the prime factors of 663025207?
13, 51001939
What are the prime factors of 541276782?
2, 3, 4519, 19963
List the prime factors of 876856427.
876856427
What are the prime factors of 31425938?
2, 15712969
What are the prime factors of 81241787?
11, 41, 180137
What are the prime factors of 1988746758?
2, 3, 19, 173, 33613
What are the prime factors of 21362041?
21362041
What are the prime factors of 271757047?
1163, 233669
What are the prime factors of 1628678439?
3, 6521, 27751
What are the prime factors of 1884749242?
2, 2281, 413141
List the prime factors of 418051017.
3, 269, 57559
What are the prime factors of 45051322?
2, 22525661
List the prime factors of 439796682.
2, 3, 13, 127, 4933
List the prime factors of 29534110.
2, 5, 2953411
What are the prime factors of 268922371?
17, 19, 23, 53, 683
List the prime factors of 32794897.
32794897
List the prime factors of 4723917800.
2, 5, 7, 1663, 2029
List the prime factors of 245092216.
2, 47, 651841
What are the prime factors of 60581139?
3, 19, 1062827
What are the prime factors of 537103642?
2, 268551821
What are the prime factors of 142698794?
2, 7, 73, 139627
List the prime factors of 2173769341.
2173769341
List the prime factors of 195650426.
2, 97825213
What are the prime factors of 71775368?
2, 7, 1281703
List the prime factors of 177041269.
67, 71, 37217
List the prime factors of 183259997.
19, 9645263
List the prime factors of 534578471.
7, 19, 4019387
List the prime factors of 441289394.
2, 7, 13, 7069
List the prime factors of 32565078.
2, 3, 7, 13, 47
List the prime factors of 66925210.
2, 5, 11, 608411
List the prime factors of 202129043.
29, 73, 95479
What are the prime factors of 3332333406?
2, 3, 31, 197, 199, 457
List the prime factors of 15302150.
2, 5, 463, 661
List the prime factors of 21853643.
7, 37, 84377
List the prime factors of 254148927.
3, 1787, 47407
List the prime factors of 949113198.
2, 3, 11, 4793501
List the prime factors of 1086980125.
5, 7, 11, 31, 3643
List the prime factors of 211619180.
2, 5, 10580959
List the prime factors of 441234779.
17, 25954987
List the prime factors of 486531972.
2, 3, 23, 587599
List the prime factors of 181896540.
2, 3, 5, 7, 433087
What are the prime factors of 46752985?
5, 9350597
What are the prime factors of 6565464437?
7, 73, 1423, 9029
What are the prime factors of 29311827?
3, 197, 49597
List the prime factors of 35894623.
35894623
What are the prime factors of 511336783?
7213, 70891
What are the prime factors of 213856116?
2, 3, 23, 113, 6857
What are the prime factors of 86818690?
2, 5, 7, 163, 1087
What are the prime factors of 8336021133?
3, 11, 10007, 25243
What are the prime factors of 1972863899?
12497, 157867
What are the prime factors of 25318287?
3, 17, 165479
What are the prime factors of 249805782?
2, 3, 227, 6793
List the prime factors of 74552731.
11, 6777521
What are the prime factors of 134918803?
134918803
List the prime factors of 86208534.
2, 3, 4789363
List the prime factors of 33660327.
3, 31, 113, 3203
What are the prime factors of 2993459354?
2, 1496729677
What are the prime factors of 2196811112?
2, 13147, 20887
List the prime factors of 20641623.
3, 6880541
What are the prime factors of 2035907605?
5, 71, 569, 10079
List the prime factors of 12644430.
2, 3, 5, 17, 24793
What are the prime factors of 797313956?
2, 263, 757903
What are the prime factors of 2106501209?
8069, 261061
List the prime factors of 425659982.
2, 11, 337, 57413
What are the prime factors of 30287299?
7, 4326757
What are the prime factors of 11823285?
3, 5, 257, 3067
List the prime factors of 7148468450.
2, 5, 37, 3864037
List the prime factors of 333272085.
3, 5, 3457, 6427
List the prime factors of 337367666.
2, 168683833
List the prime factors of 5999838323.
5999838323
What are the prime factors of 313165812?
2, 3, 26097151
What are the prime factors of 4409110894?
2, 83, 3499, 7591
What are the prime factors of 18201559?
59, 308501
List the prime factors of 274718863.
274718863
List the prime factors of 109465814.
2, 54732907
What are the prime factors of 2033237597?
379, 1459, 3677
List the prime factors of 59841178.
2, 157, 190577
What are the prime factors of 25860332?
2, 17, 380299
List the prime factors of 111017066.
2, 55508533
What are the prime factors of 1463205912?
2, 3, 7, 17, 541, 947
What are the prime factors of 4010402041?
47, 85327703
What are the prime factors of 28588667?
2381, 12007
What are the prime factors of 444766119?
3, 7, 21179339
What are the prime factors of 77949320?
2, 5, 773, 2521
List the prime factors of 773869226.
2, 13, 271, 109831
List the prime facto